rime factors of -3 + f + (24 - 2)?
2, 11
Suppose -15 = -j + 3*c + 9, 2*j - 4*c - 38 = 0. List the prime factors of 30/j*(2 + 13).
2, 5
Let x be (-1 - (0 - 1))*-1. Suppose x*b + b - 31 = 0. Let w = -13 + b. What are the prime factors of w?
2, 3
Let m(s) = 6*s**2 - 6. Let i be m(-5). Suppose 4*l + i = 12*l. What are the prime factors of l?
2, 3
Let q(h) = -6*h**3 + 11*h**2 - h - 1. Let i(l) = 7*l**3 - 12*l**2. Let u(t) = -5*i(t) - 6*q(t). Let o be u(5). Let y = o + 12. What are the prime factors of y?
23
Let o(i) = 2*i - 6. Let m be o(5). Suppose -3*y = -9, 0*v + 4*y + m = 4*v. Suppose -b - v*b = -125. What are the prime factors of b?
5
Let x be 3/(-9)*(-18)/2. Suppose -4*j = -x*h - 191, 4 = -5*h - 1. List the prime factors of j.
47
Let i = 1353 + -768. What are the prime factors of i?
3, 5, 13
Let g be (-16)/(-12) + (-4)/(-6). Suppose -131 = -3*q + g*q. What are the prime factors of q?
131
Suppose 3*k - 5*p = 738, -4*k + 488 = -2*k - 2*p. What are the prime factors of k?
241
Let f(g) = 33*g**2 + 2*g + 1. Let b be f(-1). Let m = b + -26. Suppose 0 = m*n - 83 - 181. What are the prime factors of n?
2, 11
Suppose 5*k + 5*i - 3024 = 2*k, 0 = 3*k - 4*i - 3024. List the prime factors of k.
2, 3, 7
Let x(v) = 3*v**3 + 3*v**2 - 3*v + 1. Let p(n) = 4*n**2 - 6*n + 7 - 4*n**2 - 4*n**2 + n**3. Let m be p(5). List the prime factors of x(m).
31
Suppose z - 4*v + 5 = -9*v, -5*v - 35 = -5*z. Let n be (-2)/(((-4)/z)/4). What are the prime factors of (2 - -9)/(5/n)?
2, 11
Let j = -1711 + 2741. List the prime factors of j.
2, 5, 103
Let p = 3782 - 1835. What are the prime factors of p?
3, 11, 59
Let v(q) = 1182*q**2 - 7*q + 6. List the prime factors of v(1).
1181
Suppose 304 = -6*d + 1960. Suppose 4*n + 16 = 0, -4*t = 2*n + d - 1192. List the prime factors of t.
3, 7, 11
Let k(m) = -m**3 + 13*m**2 - 11*m - 9. Let j be k(12). Suppose 5*n - 379 = -5*v + 4*n, 2*v = j*n + 138. List the prime factors of v.
3, 5
Let x(b) be the third derivative of b**5/60 - 7*b**4/24 + 3*b**3 + 7*b**2. List the prime factors of x(12).
2, 3, 13
Let r(u) = 13*u**2 - 3*u - 9. What are the prime factors of r(9)?
3, 113
Suppose -34*q + 30*q - 384 = 0. What are the prime factors of (-421)/(-5) + -1 - q/120?
2, 3, 7
Suppose -14*l + 191 = -565. List the prime factors of l.
2, 3
Let x(q) = 4 + q**3 - 4*q - 3*q**2 + 0*q - 3*q - 3*q**2. Let v be x(7). Suppose -o + s = v*s - 5, -s + 75 = 4*o. List the prime factors of o.
2, 5
Suppose 49 + 7 = l. Suppose l = v + 4*d, v + 4 = -2*d + 54. List the prime factors of v.
2, 11
Suppose 4*t - 5 = 3. Suppose o - t + 1 = 0. List the prime factors of o*(4 + -3)*9.
3
What are the prime factors of (-2854)/(-6) + (-8)/(-6)?
3, 53
Suppose -83 = -2*b + 41. Suppose n + 10 = 4*i, -5*n - 12 = 5*i - b. List the prime factors of (-39)/n*18/(-3).
3, 13
Let p be 246/9 + (-3)/9. Suppose 0 = p*f - 30*f + 807. List the prime factors of f.
269
Suppose 5*l = 11 - 6. What are the prime factors of -2 + 2 + 38/l?
2, 19
Suppose 5*n = -k + 4*k + 22, 5*n - 5*k - 30 = 0. Let z be (14/5)/(2/20). Suppose -c = -i - z, c - 2*i + 25 = n*c. List the prime factors of c.
3
Let d(y) = -527*y + 27. What are the prime factors of d(-3)?
2, 3, 67
Suppose 3521 = h + 3*q, -8468 = -2*h + 4*q - 1456. List the prime factors of h.
2, 439
Suppose 0 = -2*t + 16*t - 25634. What are the prime factors of t?
1831
Let r(b) = 2*b**2 + b - 4. Let k be r(-3). Suppose -3*m = -k*m + 656. List the prime factors of m.
2, 41
Let y = -125 - -1871. List the prime factors of y.
2, 3, 97
Let i = 13 + -8. Suppose i*l + 5*d + 175 = 0, 0 = l + 2*d - 3*d + 39. Let q = -20 - l. What are the prime factors of q?
17
Let i(j) be the third derivative of -j**4/6 - j**3/6 - 3*j**2. Let k be i(-10). Suppose -z - 9 + k = 0. What are the prime factors of z?
2, 3, 5
Suppose -2*a - b = -222, -2*a + 269 = -4*b + 37. Suppose 0 = -t + 38 + a. List the prime factors of t.
2, 3, 5
Let n(v) = v**2 + 10*v + 2. Let l be n(-10). Let u be ((-20)/(4/(-2)))/l. Let j = 7 - u. What are the prime factors of j?
2
Let s(o) = -o**3 + 8*o**2 + 4*o. Let n(p) = p**2 - 10*p - 4. Let a be n(11). What are the prime factors of s(a)?
7, 11
Suppose -35*z = -57*z + 946. List the prime factors of z.
43
Suppose 0 = 4*u + 2*j - 15144, -8183 = -4*u + j + 6955. What are the prime factors of u?
5, 757
Let h(u) be the second derivative of u**3/3 - 2*u**2 + 3*u. Let q be h(4). What are the prime factors of 0 + -1 - (-26 - q)?
29
What are the prime factors of ((-120)/(-25))/12*410/4?
41
Suppose -3*k + 35 = 2*q, 5*q - 4*k - 53 = -0*k. Suppose -49 = 12*h - q*h. What are the prime factors of h?
7
Let k be (-4)/(1/11*(-12)/3). Let y be (14/(-3))/(2/(-6)). Let l = y + k. What are the prime factors of l?
5
Let h be 4/6*1335/10. Suppose 0 = -3*y + 2*c + 3*c + 317, -y + 5*c = -h. What are the prime factors of y?
2, 3, 19
Suppose -u - u = 4*a - 4, -3*a - 8 = -4*u. Suppose u*m - 429 = j, -j = -4*m + 2*j + 861. Suppose 3*o - m = -45. What are the prime factors of o?
2, 7
Suppose -2*c - 2*x = 3*x - 120, c + 2*x - 60 = 0. Let k be (-2 - -3)*(-1 - c). Let b = k + 89. What are the prime factors of b?
2, 7
Suppose 4*a - a + 12 = 0. Let r(w) = -4*w**3 - 7*w**2 - 6*w - 2. Let y be r(a). Let d = -119 + y. List the prime factors of d.
47
Suppose 0 = -2*b + b + 54. Suppose 7*g = 4*g - b. What are the prime factors of (-2)/(38/g + 2)?
2, 3
Let d(b) = 7*b**2 - 23*b + 6. What are the prime factors of d(9)?
2, 3, 61
Let x(a) = a**3 + 8*a**2 + 2*a + 8. Suppose 3*k = k + 3*m - 8, -5*k + m - 33 = 0. List the prime factors of x(k).
43
Let q(u) = -211*u + 98. What are the prime factors of q(-7)?
3, 5, 7
Let q = -6501 - -9250. What are the prime factors of q?
2749
Let v be ((-36)/(-20) + -3)/(2/(-10)). Suppose v - 84 = -6*a. What are the prime factors of a?
13
Suppose g = -x - 3*x + 16855, 2*g - 8426 = -2*x. List the prime factors of x.
2, 7, 43
Suppose -2*r + w - 225 = -5*r, -2*w + 75 = r. Suppose 4*j + 27 = q + r, -5*j = -4*q - 71. What are the prime factors of j?
11
Let y be 7/21 + (-1139)/(-3). Suppose -t - 4*t = -y. Suppose -t = 3*g - 7*g. What are the prime factors of g?
19
Let w be -6 - -6 - 1/(-1). Let b be 1 - ((w - 2) + 0). Suppose -b*k - 2*k + 44 = 0. List the prime factors of k.
11
Suppose v = -4*c + 4568 + 490, -3798 = -3*c - 3*v. What are the prime factors of c?
2, 79
Let u(p) = -p**3 - 5*p**2 + 4*p + 13. Let b be u(-6). Suppose 0 = 2*z - 17 + b. What are the prime factors of (1 - (z - -4))*49?
7
Let u be 4/2*(3 + -1). Let d be u/(-26) + 4755/65. Suppose 5*j - 4*j - 55 = -3*l, d = 4*l + j. What are the prime factors of l?
2, 3
Suppose -8*r - 223 = -12*r - 3*y, 2*y - 10 = 0. What are the prime factors of r?
2, 13
Let k = -11 - -26. Let t = k - -27. List the prime factors of t.
2, 3, 7
Let p be 1*(104/(-4) - -1). Let z = 41 + p. Let m = z + 1. What are the prime factors of m?
17
Let g(d) = 92*d**2 + 0*d - d**3 - 85*d**2 - 5 + d. What are the prime factors of g(6)?
37
Suppose -m = -4*k + 83, -3*m = 5*k - 4*m - 103. Suppose -6 = -2*r + 4*b, -5*r = -3*b - 9 - k. List the prime factors of (-3)/r - 606/(-42).
2, 7
Let j be (6 - 1) + 112 + -5. Let b = -63 + j. What are the prime factors of b?
7
Let i be ((-15)/(-25))/3*25. Suppose -i*x - 45 = -8*x. What are the prime factors of x?
3, 5
Suppose 96 = 3*a + 2*r, 165 = 5*a + 2*r + 3*r. Suppose -3*n + a = u, -5*u + 47 = -3*n - 13. Let p = -1 + u. List the prime factors of p.
2, 7
Let x = 15 - 17. Let c be 0 - (x/2 - 28). Let l = -17 + c. What are the prime factors of l?
2, 3
Let k = 253 + -149. Suppose 7 + 21 = t + 3*y, -5*t + k = 3*y. What are the prime factors of t?
19
Let r be (-2)/2*(1 - 5). Suppose b - 25 = -5*a - r*b, 0 = 5*a - 4*b + 2. Suppose a*z = -3*z + 125. List the prime factors of z.
5
Suppose 5*a = 7*a + 20. Let i(l) be the third derivative of l**6/120 + l**5/5 + l**4/2 - 4*l**3 + 3*l**2. What are the prime factors of i(a)?
2, 7
What are the prime factors of 4 + -3*(-3 + (-4750)/15)?
3, 107
Suppose -6*o + o - 290 = 0. Let a be (-8)/(o/54 - -1). Suppose -25*k + 22*k + a = 0. What are the prime factors of k?
2, 3
Let z(j) = 29*j**2 + 12*j - 3. What are the prime factors of z(-7)?
2, 23, 29
Let g = -20 + 28. Let n = g - 14. Let p = n - -10. What are the prime factors of p?
2
Suppose -4*q + n = -3697 - 528, 4*n + 4228 = 4*q. List the prim